-6 - -13)) + -5 + -4)?
144
What is 14 - (12 + -9 + 7) - (1 + 6) - 40?
-43
Calculate 61 - (18 + -11 - (8 + -17)).
45
What is 43 - (81 - (-71 + 138))?
29
Evaluate -81 - (1 - 30 - -11 - (0 - 8)).
-71
What is (26 - -2) + -2 - (1107 + -1106 - (0 - 0))?
25
What is 9 + -25 + 27 - -27?
38
Calculate (215 - 100 - 94) + -5 + -1.
15
Calculate -16 + -5 + -11 + (-8 - (-5 + 5 + -1)).
-39
Evaluate 17 - (52 - (17 - 7)) - 13.
-38
What is the value of (-14 - 1) + -18 - -29?
-4
Evaluate -1 + 14 - -21 - (21 - 39).
52
Calculate 39 + (-45 - -22 - -14).
30
14 + -16 + 11 + -10 + -19 + 20
0
Calculate -7 + 9 + 11 + (9 - 12) + 8 + 1.
19
14 + (-288 - -294) + 9 + 0 + 5
34
Evaluate (38 - 2) + -38 + -8 - 17.
-27
(25 - (-4 - -67)) + -17
-55
What is (21 - 13) + -90 - (1 - 2)?
-81
What is the value of 100 + 100 + -234 + -57?
-91
6 + (125 - 72) + 3
62
Calculate 0 - (5 + -27 + -5 + (41 - 40)).
26
-76 + (-78 + 83 + (5 - 1) - 10 - -4)
-73
What is -27 - 3 - ((10 - 3) + -8 + -5)?
-24
Evaluate (2 - (-129 - -49)) + -15.
67
What is the value of -9 + 19 + 6 + -18 + -7 - -5?
-4
Evaluate 83 + (9 - 57) + (30 - 4).
61
Calculate (-6 - -1) + -2 - (12 - (6 + -3)).
-16
What is (3 - (-5 + 1 - 0)) + (839 - 822)?
24
What is the value of (12 - 19) + 4 + 2 + 6 + (-10 - -19)?
14
Calculate -43 + 73 + 15 + -15.
30
179 + -3 + 2869 + -2963
82
39 - 92 - (-2 - 1 - 6) - (-4 - -3)
-43
What is the value of -198 + -15 - (-418 + 262)?
-57
Evaluate 30 + (-27 - 10) + -2.
-9
Calculate -8 + 88 - 3 - (24 - (13 - (-20 - -15))).
71
What is the value of (136 - (-815 - -840 - (1 - -1))) + 14?
127
Evaluate 49 - (94 + -115) - 47.
23
Calculate (-111 - -127) + 2 + 10 + 17.
45
What is the value of 107 - 104 - (-51 + -3)?
57
Calculate (-47 - -101) + -102 - -73.
25
What is -396 - -246 - (-42 + -7)?
-101
What is 1 - -17 - (-37 - (127 - 106))?
76
Calculate -227 + 259 - (-53 - -13).
72
Calculate 324 + -321 + (5 - 2) + -10.
-4
124 - (-35 - (59 - 124))
94
What is the value of -96 + 0 + (5 - -6) - -14?
-71
What is the value of (-3 - (-32 + 38)) + 29?
20
Evaluate 0 - -26 - (-1 - -9) - (21 - 28).
25
What is the value of -6 - -1 - -16 - (43 - (17 - 20))?
-35
Evaluate (17 + -3 - 7) + 15 + 30 + -2 + 11.
61
What is the value of -15 - (12 + -3 + (-12 - -5))?
-17
Calculate 8 + 129 - (561 - 441).
17
Evaluate -58 - (5 + 8 + -15) - (3 - (8 + 2)).
-49
What is -141 + (-33 - -60) + 41 + 34?
-39
3 - 4 - -4 - ((-10 - 7) + 2)
18
-1 + -58 + -5039 + 5027
-71
What is the value of -102 + 121 + 76 - 80?
15
What is -4 - (-61 + -40 + -6)?
103
What is the value of -1 - -21 - (271 + -253) - (-15 - (-5 + 3))?
15
Evaluate (-328 - -346) + (0 + -9 - 2).
7
Evaluate -14 + 31 + -19 + 37.
35
4 + 16 + 19 + -20 + 11
30
What is (-105 - -21) + 179 - 157?
-62
What is the value of -91 + (10 - -150) + -87?
-18
Evaluate -455 - -309 - -67 - ((-23 - 2) + 1).
-55
7912 - 8009 - (2 + 0 - 0)
-99
Calculate 3 + 68 + (29 - 5 - 23) - 3.
69
(86 - 61 - 8) + 2 + 20
39
What is the value of -9 + (-24 - (-21 - -10)) + 28?
6
What is (47 + -55 - -77) + -50?
19
What is the value of -212 + 309 + -61 + 4?
40
4 - (-112 - -4) - (6 - (-3 + -14) - 8)
97
-17 + (87 - (44 - 35 - 30))
91
What is -4 + -14 - (-37 - -4 - -21 - (2 + -7))?
-11
What is the value of 46 - (6 + (-14 - -20) + 4 - 14)?
44
Calculate -30 + -31 + 23 + 28 + -20.
-30
What is the value of 9 + -7 + 5 + (40 - (-12 - -9 - 2))?
52
Calculate 3 + (0 - (3 - 2)) - (-25 - -41 - 21).
7
Evaluate (-16 - -29 - 0) + -36 + 16.
-7
Calculate (-3 - -1) + -35 + -1 + -68 + -7.
-113
(-1 + -2 + 3 - (154 + -146)) + 44 - 5
31
138 + (-112 - -75) + -75
26
What is 6 + 0 + (-4483 - -4437)?
-40
Calculate 75 - 0 - (-1 + -14 + -310 + 311).
89
Evaluate -1 + (-1 - 0) + (85 - 34) + -25.
24
Evaluate (-35 - -3) + (21 + -42 - 0 - -24).
-29
Calculate (-30 - -37 - -22) + -9 - -65.
85
(3 + 0 - 11 - -4) + (-43 - -46) - -78
77
What is (-13 - -35 - 5) + -1?
16
Evaluate -10538 + 10474 + -1 + 194.
129
Evaluate 13 - (3 - (41 + -25 - (-2 - 0))).
28
-47 + -14 - -94 - 54
-21
What is the value of -22 + -1 + 2155 + -2123?
9
What is the value of (-24 - (-8 - (9 + -5))) + 67?
55
-28 - (-31 - -9) - (-4 + -7 + 5 + -10)
10
5 - (13 + 12 + -28) - (9 + 0)
-1
What is -14 - -18 - (-1 + 2 - -7 - -37)?
-41
Evaluate (-1 - 7) + -12 - (14 - 5).
-29
What is the value of 60 + -138 + 150 + (5 + (-5 - 0) - 2)?
70
What is the value of -52 - 0 - (-2 - -26 - (-303 + 328))?
-51
What is the value of 2 + (9 + -26 + 8 - -7 - -14)?
14
70 + (84 - 215) - -113
52
Calculate -83 - (-46 + -39 + 51).
-49
Evaluate -5 - -14 - 3 - -3 - (-82 - -74).
17
Evaluate 21 + (-3 - -28) + -59 + 64 + 10 + -1.
60
-62 + -25 - 13 - 0
-100
What is the value of (4 - (-2 - (0 + 89))) + -136 + 127?
86
67 + 93 + -121 + 5 + 2 + 2
48
What is the value of -9 + (-19 - -5) + 1 + -11 + 13?
-20
Evaluate 14 + (-36 - ((-2 - 0) + 12 + (-6 - -10))).
-36
What is the value of -6 + 16 + (-28 - 36 - -32)?
-22
What is the value of 2 + 0 + 17 - (1563 + -1498)?
-46
What is the value of 76 + -2 - (-151 - -23 - -164)?
38
Calculate (12 - 1) + (-43 - -90 - 60) - 1.
-3
What is 201 + -133 - (0 - (5 - 5))?
68
Evaluate 7 - (-4 + 7 + (-5 - 0)) - 15.
-6
What is -12 + 67 - (12 + (-3 - (-11 - -12)))?
47
Evaluate 4 - -1 - ((-103 - 31) + 130).
9
What is the value of (-102 - -103) + (-14 + 3 - 1) + 45 + -2?
32
(-37 + 20 + 0 - -38) + 9
30
Calculate 54 + 118 + -207 + -31.
-66
What is 12332 - 12364 - (0 - 87)?
55
What is -844 + 830 - (4 + 7)?
-25
Evaluate -2 - (0 + 7) - (71 + -76 + 23).
-27
1 + -65 + 25 + 12 - (3 + -19)
-11
-9 - ((5 - (13 - 9)) + 13 + 15)
-38
Calculate (1823 - 1823) + (-1 - -37) + -2.
34
What is the value of -38 + -31 + 18 + 29?
-22
Calculate 89 + -126 + 17 + -48.
-68
Calculate 15 + 5 + (-229 - -156) - -15.
-38
What is the value of (28 - (-6 - -21)) + -4?
9
What is the value of -9 + (24 - (32 + -17))?
0
(-6 + 29 - 18) + 0 - 87
-82
What is -112 + 57 + 42 + 48?
35
What is (-228 - -270) + (-17 - -19) + (-16 - -2)?
30
0 + -7 - (-4 - (1 + -6 - (-17 + 4)))
5
Evaluate -80 + 5 - (-1523 - -1551).
-103
20 + 9 + (-12 - (-16 - -9)) + -139
-115
What is the value of -54 - (4 + -1 + -1 + -1 + 14)?
-69
What is -42 - ((14 - -8) + (-19 + -12 + 14 - -1))?
-48
-1 - 16 - (0 + -8 + -21 + 33)
-21
Calculate 26 - -5 - (-19 - (-19 + -13 - -17)).
35
Evaluate (-40 - 2) + 4 - (-50 - -47).
-35
Evaluate (0 - -13) + -17 + (-34 - -15 - -43).
20
What is the value of (209 - 209) + (-11 - -30)?
19
13 - (22 - (-3 + 1)) - -40
29
What is (10 - (9 + 19)) + 1 - 25?
-42
What is (-37 - -5) + -15 + 33?
-14
-58 + 10 - 32 - -52
-28
Evaluate 20 - (49 + -15 + -26).
12
Calculate -140 - -118 - -97 - 0.
75
-2 + (8 - -5) - (-369 + 333)
47
19 - (22 + -29 + (27 - 16))
15
What is 3 + -5 + 4 + 42 + -38 + 3?
9
What is (-251 - -206) + (-20 - 1)?
-66
What is the value of 40 - (58 + -12 - -26)?
-32
What is 2534 + -2544 - (-33 - (-1 - -2))?
24
Evaluate 1 + -2 + 90 + -96 + (1 - 57).
-63
What is -4622 + 4586 - (32 + 1)?
-69
What is -69 + 1 + (6 - 11) - (-1252 + 1240)?
-61
Evaluate 49 - (19 + 16) - -9.
23
8 - (9 - (3 + -1 + -6 + -4)) - -50
41
What is 1 + (-103 - (30 - (20 - -4)))?
-108
What is the value of -3 + 25 + -5 + (8 - 8)?
17
-86 - 17 - -146 - 72
-29
What is -5 + (38 - 48 - -31)?
16
What is -4 + -9 + -9 + 46 + -21?
3
What is the value of 0 + -1 - 16 - -3 - (-875 + 892)?
-31
What is 13 - 3 - -19 - 21 - 2 - -88?
94
What is 16 - (26 + 1 + 17 + -8)?
-20
Calculate (-38 + -33 - -84) + (1 - 1 - 70).
-57
Evaluate -1 + -18 - ((-41 - -31) + -1).
-8
Calculate (-33 - -32) + (-3 - 1) + 12 + 36.
43
What is the value of 71 - (45 + 79 + -75)?
22
Calculate 2 + -4 - ((-10540 - -10524) + 20 + (-1 - -2)).
-7
Evaluate -59 + 0 - (-1 - (7 + -6 - 0)).
-57
6 + -34 + (-35 - -96 - -52)
85
What is the value of -7 - (3 - (2 - -84) - (46 - 64))?
58
What is -81 - -58 - (41 + 13)?
-77
Calculate -71 - (-15 + 2 - (-183 + 186)).
-55
Calculate 1 + ((-34 - -4) + 15 - -8) + (0 - 44).
-50
Calculate -20 + (1 + 11 - (-605 + 627)).
-30
Calculate 13726 - 13701 - (14 - (-1 - -1)).
11
What is -13 + (-1 + 6 - 5) + -31 + 39 + -30?
-35
What is -2 - (3 - (-1 - 1) - (13 - 64))?
-58
What is 19 + 23 + -55 + 11 + -23?
-25
What is 6 + 5 - (-26 - (-76 - -37) - (-58 - 1))?
-61
Evaluate -13 - 0 - (2 + (-19 - -27 - 5)).
-18
Evaluate 51 - ((15 - -39) + -13).
10
What is the value of 34 + -12 + 23 + -26 + 9 + 23?
51
139 - (134 + (-143 - -90))
58
Calculate (90 - 98) + (-31